4580)/16 + (-9)/6.
571
Suppose 0 = -0*c + 4*c + 3*d - 3627, 0 = 2*c + 4*d - 1826. List the prime factors of c.
3, 7, 43
Let j(g) = g - 10. Let t be j(10). Suppose -2*z + 2 + 0 = t, 3 = 5*m + 3*z. List the prime factors of 70/(-20)*(m - 10).
5, 7
Suppose -2*h - 504 = -1342. List the prime factors of h.
419
Let b(t) = 8*t + 19. Let i be b(-8). Let a = -12 - i. List the prime factors of a.
3, 11
Let h(a) = -a**3 - 3*a**2 + 5*a - 3. Suppose -3*v - 1 - 11 = 0. Let o be h(v). Let f = o + 15. What are the prime factors of f?
2
What are the prime factors of (508 - 41) + 2*1/(-1)?
3, 5, 31
Suppose -3*m + 4 = -5*m. What are the prime factors of (m - -1)*(4 + 0) + 115?
3, 37
What are the prime factors of (-2)/30 + 81009/135?
2, 3, 5
Suppose 210 = 2*w + 5*w. What are the prime factors of (-2)/3 - (-2180)/w?
2, 3
Let k(a) = 9*a - 20*a + 79*a**2 + 11*a - 2. What are the prime factors of k(1)?
7, 11
Suppose p + l + 17 = 4*p, 2*l = 5*p - 30. Suppose -p*o = -6*o + u + 137, -2*o - 5*u + 155 = 0. What are the prime factors of o?
2, 5, 7
Let t be 9848/(-32) - 3/12. Let u = 548 + t. What are the prime factors of u?
2, 3, 5
Let l(c) be the third derivative of 1/10*c**5 + 0*c - 1/3*c**3 + 0*c**4 - 5*c**2 + 0. What are the prime factors of l(-3)?
2, 13
Let m(w) = w**2 - 25*w - 21. Let b be m(27). List the prime factors of ((-88)/b)/((3 - 1)/(-162)).
2, 3
Let i(m) be the third derivative of m**6/10 - m**4/24 + m**3/6 + 3*m**2. List the prime factors of i(2).
5, 19
Suppose 5*s - 5336 = -3*o, -25*s - 1788 = -o - 29*s. What are the prime factors of o?
2, 443
Suppose 14*w - 120 = 10*w. What are the prime factors of w?
2, 3, 5
Suppose 5*o = 2*d - 33, 3*d - 37 = -2*o + 7*o. List the prime factors of (246/(-9) + d)*-3.
2, 5, 7
Let d = -46 + 49. Suppose -3*t - d*h = -123 - 81, 4*t - 3*h = 272. What are the prime factors of t?
2, 17
Let p(y) = -4*y**3 + 2*y**2 + y - 1. Let j be p(-1). Suppose j*b + 16 - 432 = 0. List the prime factors of b.
2, 13
Let k(y) = 7*y - 2. Let s be k(1). Let t be 0 - -2 - -1*2. List the prime factors of 106/t - s/10.
2, 13
Let n = 5380 + -692. What are the prime factors of n?
2, 293
Suppose -40*b + 6048 = -8312. List the prime factors of b.
359
Suppose 7 = 2*o - 3*x, -3*x + 0 = -5*o + 31. Let g be -2 - 1 - -1 - o. Let h = 16 + g. What are the prime factors of h?
2, 3
Suppose -4*n - 35 = n. Let g(y) = -y**3 - 6*y**2 - y + 9. Let j be g(n). Let t = j - 26. What are the prime factors of t?
3, 13
Let p = 135 + -132. Suppose -333 + 119 = -p*h - d, 0 = -d + 4. What are the prime factors of h?
2, 5, 7
Let u(p) = 2*p**3 + 27*p**2 - 11*p + 41. What are the prime factors of u(-13)?
353
Let l(n) be the third derivative of -n**5/60 - 13*n**4/24 - 5*n**3/6 - 34*n**2. List the prime factors of l(-11).
17
Suppose 124240 = 17*u + 63*u. List the prime factors of u.
1553
Let p(t) = 171*t - 4. Let n be p(1). Suppose 5*a - b - 711 = 156, 3*b - n = -a. List the prime factors of a.
173
Suppose -4*k - 3*h = -12, -5*k - 4*h = -9 - 6. Suppose 27 = -p + k. Let g = p - -44. What are the prime factors of g?
2, 5
Suppose 4*t + 87 = -41. Let g = t - -67. Suppose 4*j - g = -2*c + 5, 3*j + 87 = 5*c. List the prime factors of c.
2, 3
Suppose 760*d - 773*d + 1547 = 0. List the prime factors of d.
7, 17
Let q be -1 + (-12)/(6/(-3)). Suppose -3*j = -4*m + 176, -5*m + 119 + 96 = -q*j. Let w = m - 25. List the prime factors of w.
2, 11
Suppose -q - 2*q = 0. Let r be q + -6*(-3)/9. Suppose 2*v + 96 = 5*z, -r*z - 26 = -3*z - 3*v. List the prime factors of z.
2, 5
Suppose 246 = -8*k + 6. List the prime factors of (-7098)/k + 4/10.
3, 79
Let l be 6*(6/4)/3. Let i(z) = -z**2 + 4*z - 1. Let k be i(l). Suppose 33 = k*h - 11. What are the prime factors of h?
2, 11
Let i = -28 - -8. Let b be (-3 - 2)*(-24)/i. What are the prime factors of (8/b)/(2/(-3))?
2
Suppose 0 = -0*t + 13*t - 91. Suppose 370 = 3*o + q, 2*q - t*q = 5*o - 630. What are the prime factors of o?
2, 61
Let l(m) = -m**2 + 9*m. Let s be l(9). Let u be (s + 1)*(-32 + 3). Let z = u + 40. List the prime factors of z.
11
Let n = 1712 + -425. What are the prime factors of n?
3, 11, 13
Let m(o) = o**2 + 12*o - 6. Let v be m(-12). List the prime factors of (-69 + -1)*6/v.
2, 5, 7
Let j(x) = 2*x**2 + 23*x + 188. List the prime factors of j(-18).
2, 211
What are the prime factors of -7 - (2 - 8) - -189?
2, 47
Suppose -7*g + 15203 = -2514. What are the prime factors of g?
2531
Let g(s) be the first derivative of -17*s**2 + 31*s - 33. What are the prime factors of g(-5)?
3, 67
Let u(b) = 188*b**3 + b**2 + 7*b - 7. List the prime factors of u(1).
3, 7
Let g be 7/14*(78 - 0). Let y = g - 24. What are the prime factors of y?
3, 5
Suppose 55 = 3*x + 13. Suppose x = 6*w + 2. Suppose -y + w*d + 12 = -8, 0 = 5*y - d - 91. List the prime factors of y.
2, 3
Let m(x) = 2*x**2 - x - 1. Let s be m(9). Let q be s/10 + (-16)/(-20). Let f = -14 + q. List the prime factors of f.
2
Let z(u) be the first derivative of u**4/4 - 5*u**3 + 15*u**2/2 - 3*u - 1. Let x = -18 + 32. List the prime factors of z(x).
11
Suppose 122*y = 87*y + 23765. List the prime factors of y.
7, 97
Suppose t + 0*t = 4*g - 72, 2*g = 5*t + 432. What are the prime factors of (-666)/(-33) - (-16)/t?
2, 5
List the prime factors of 21432/60 + (-2)/10.
3, 7, 17
Let n be 2 - 1 - (0 + 5). Let d = -92 - -98. Let l = d + n. What are the prime factors of l?
2
Let v(j) = j**3 - 6*j**2 - 10*j + 7. Let b be v(6). Let q = -3 - b. What are the prime factors of q?
2, 5
Let q be 27/((-5)/15*3). Let a = q - -3. Let k = 70 + a. What are the prime factors of k?
2, 23
Suppose 0*w - 3*w + 5*w = 0. Suppose -69 = -i - 5*s + 60, -i - s + 113 = w. What are the prime factors of i?
109
Let t(k) = k**3 + 32*k**2 - k + 29. What are the prime factors of t(-30)?
11, 13
Suppose -2*c + 3*c - 4*q + 22 = 0, 0 = 5*q - 20. Let d be c/2*-1 - -7. Suppose t - 31 = d. What are the prime factors of t?
41
Let x(m) be the first derivative of -67*m**4/4 + m**3/3 - 3. Let b be x(-1). Suppose 0*g - 4*g = -b. What are the prime factors of g?
17
What are the prime factors of (35/28)/((-18)/(-3456))?
2, 3, 5
Let a(m) = 5*m**2 + m + 1. Let z be a(1). Let x be 191 + -2 + 1 + -1. Suppose 0*v = z*v - x. What are the prime factors of v?
3
Suppose 2*c - 6*c - 108 = 0. Let u = 22 + c. Let f = u + 20. List the prime factors of f.
3, 5
Let w(q) = q**3 - 15*q**2 - 16*q + 1. Let h be w(16). Let i(t) = 30*t**3 + t - 1. Let v be i(h). Suppose 2*f + 3*f - v = 0. List the prime factors of f.
2, 3
Let y(u) = 2 + 8*u**2 + u**3 - u**2 + 0*u - 3*u - 4. List the prime factors of y(-7).
19
Suppose 0 = 10*w - 11*w - 3*l + 688, -4*w = 4*l - 2760. List the prime factors of w.
691
List the prime factors of (-2155)/(-2) - 137/274.
3, 359
Let n = 24 + -22. Suppose -5*r + 3*f = -11, -r = -n*r + 3*f + 7. Let q(s) = 30*s + 2. List the prime factors of q(r).
2
List the prime factors of 585 - -4 - 1/(-2)*-2.
2, 3, 7
Let p be (-1384)/40 - 4 - (-3)/5. Let t = p + 109. List the prime factors of t.
71
Let p(v) = -8*v - 4. Let w be p(-9). Suppose 5*m - w = 2. Let k = m - 5. What are the prime factors of k?
3
Let l(i) = -i**2 - 7*i + 2. Let u be l(-7). Suppose 0 = -z - u + 3. Let j = z - -43. List the prime factors of j.
2, 11
Suppose -5*a - 10753 = -k - 2*k, -2*k = a - 7173. List the prime factors of k.
2, 11, 163
Let g = 1785 + -578. List the prime factors of g.
17, 71
Let f = -4278 + 7139. List the prime factors of f.
2861
Let z(i) be the first derivative of -i**4/2 - 6*i**2 - 7*i - 34. What are the prime factors of z(-5)?
3, 101
Let j(i) = 52*i**2 + 3*i + 81. What are the prime factors of j(-8)?
5, 677
Let z = 16 - 35. Let d = z - -20. Suppose -d = -5*g + 184. What are the prime factors of g?
37
List the prime factors of (114/15 + 2)/(4/640).
2, 3
Suppose 0 = 6*f - 1743 - 2301. List the prime factors of f.
2, 337
Suppose 0 = 5*d - 25, 2*g = 4*d + 8 - 24. Suppose -h + l = -24 - 8, 0 = g*h - l - 60. Suppose 0*a + 4*a = -4*j + h, -2*a + 29 = -j. List the prime factors of a.
2, 3
Let w(x) be the first derivative of 20*x + 1/3*x**3 - 3 + 0*x**2. List the prime factors of w(0).
2, 5
Suppose l - s - 89 = 0, -s - 2*s - 437 = -5*l. Let v = 150 - l. List the prime factors of v.
5, 13
Let w = 67 + -62. Let l(i) = 13*i - 24. What are the prime factors of l(w)?
41
Let f(c) = 15*c